{"id":8445,"date":"2023-08-10T12:02:00","date_gmt":"2023-08-10T17:02:00","guid":{"rendered":"https:\/\/ibero4jobs.com\/?post_type=ajde_events&#038;p=8445"},"modified":"2024-03-20T09:58:05","modified_gmt":"2024-03-20T14:58:05","slug":"instituto-politecnico-de-oporto-2","status":"publish","type":"ajde_events","link":"https:\/\/ibero4jobs.com\/es\/events\/instituto-politecnico-de-oporto-2\/","title":{"rendered":"Visita de Inmersi\u00f3n"},"content":{"rendered":"\n<p>La Universidad Aut\u00f3noma de Manizales, Universidad de Caldas, Fundaci\u00f3n Luker, C\u00e1mara de Comercio de Manizales por Caldas, Universidad Tecnol\u00f3gica de Nayarit y Universidad Aut\u00f3noma de Nayarit visitan a la Universidad de Vigo y Instituto Polit\u00e9cnico de Oporto para intercambiar experiencias y metodolog\u00edas exitosas que permitan fortalecer el relacionamiento de los estudiantes con el tejido empresarial. <\/p>\n\n\n\n<p><\/p>\n","protected":false},"author":9,"featured_media":0,"menu_order":0,"comment_status":"open","ping_status":"closed","template":"","meta":{"_monsterinsights_skip_tracking":false,"_monsterinsights_sitenote_active":false,"_monsterinsights_sitenote_note":"","_monsterinsights_sitenote_category":0},"tags":[136,134,135,128,131],"event_type":[141],"event_type_2":[],"class_list":["post-8445","ajde_events","type-ajde_events","status-publish","hentry","tag-camara-de-comercio-de-manizales-por-caldas","tag-fundacion-luker","tag-universidad-autonoma-de-manizales","tag-universidad-de-caldas","tag-universidad-tecnologica-de-nayarit","event_type-meeting"],"_links":{"self":[{"href":"https:\/\/ibero4jobs.com\/es\/wp-json\/wp\/v2\/ajde_events\/8445","targetHints":{"allow":["GET"]}}],"collection":[{"href":"https:\/\/ibero4jobs.com\/es\/wp-json\/wp\/v2\/ajde_events"}],"about":[{"href":"https:\/\/ibero4jobs.com\/es\/wp-json\/wp\/v2\/types\/ajde_events"}],"author":[{"embeddable":true,"href":"https:\/\/ibero4jobs.com\/es\/wp-json\/wp\/v2\/users\/9"}],"replies":[{"embeddable":true,"href":"https:\/\/ibero4jobs.com\/es\/wp-json\/wp\/v2\/comments?post=8445"}],"wp:attachment":[{"href":"https:\/\/ibero4jobs.com\/es\/wp-json\/wp\/v2\/media?parent=8445"}],"wp:term":[{"taxonomy":"post_tag","embeddable":true,"href":"https:\/\/ibero4jobs.com\/es\/wp-json\/wp\/v2\/tags?post=8445"},{"taxonomy":"event_type","embeddable":true,"href":"https:\/\/ibero4jobs.com\/es\/wp-json\/wp\/v2\/event_type?post=8445"},{"taxonomy":"event_type_2","embeddable":true,"href":"https:\/\/ibero4jobs.com\/es\/wp-json\/wp\/v2\/event_type_2?post=8445"}],"curies":[{"name":"wp","href":"https:\/\/api.w.org\/{rel}","templated":true}]}}

Visita de Inmersión

<p>La Universidad Autónoma de Manizales, Universidad de Caldas, Fundación Luker, Cámara de Comercio de Manizales por Caldas, Universidad Tecnológica de Nayarit y Universidad Autónoma de Nayarit visitan a la Universidad de Vigo y Instituto Politécnico de Oporto para intercambiar experiencias y metodologías exitosas que permitan fortalecer el relacionamiento de los estudiantes con el tejido empresarial. </p>



<p></p>
