{"id":8439,"date":"2023-08-10T11:18:00","date_gmt":"2023-08-10T16:18:00","guid":{"rendered":"https:\/\/ibero4jobs.com\/?post_type=ajde_events&#038;p=8439"},"modified":"2023-08-10T11:50:00","modified_gmt":"2023-08-10T16:50:00","slug":"instituto-politecnico-de-oporto","status":"publish","type":"ajde_events","link":"https:\/\/ibero4jobs.com\/es\/events\/instituto-politecnico-de-oporto\/","title":{"rendered":"Instituto Polit\u00e9cnico de Oporto"},"content":{"rendered":"\n<p>El Instituto Polit\u00e9cnico de Oporto visita a la Universidad Aut\u00f3noma de Nayarit y Universidad Tecnol\u00f3gica de Nayarit para el desarrollo del paquete de trabajo No. 2 <\/p>\n","protected":false},"author":10,"featured_media":0,"menu_order":0,"comment_status":"open","ping_status":"closed","template":"","meta":{"_monsterinsights_skip_tracking":false,"_monsterinsights_sitenote_active":false,"_monsterinsights_sitenote_note":"","_monsterinsights_sitenote_category":0},"tags":[129,130,128,131],"event_type":[],"event_type_2":[],"class_list":["post-8439","ajde_events","type-ajde_events","status-publish","hentry","tag-instituto-politecnico-de-oporto","tag-universidad-autonoma-de-nayari","tag-universidad-de-caldas","tag-universidad-tecnologica-de-nayarit"],"_links":{"self":[{"href":"https:\/\/ibero4jobs.com\/es\/wp-json\/wp\/v2\/ajde_events\/8439","targetHints":{"allow":["GET"]}}],"collection":[{"href":"https:\/\/ibero4jobs.com\/es\/wp-json\/wp\/v2\/ajde_events"}],"about":[{"href":"https:\/\/ibero4jobs.com\/es\/wp-json\/wp\/v2\/types\/ajde_events"}],"author":[{"embeddable":true,"href":"https:\/\/ibero4jobs.com\/es\/wp-json\/wp\/v2\/users\/10"}],"replies":[{"embeddable":true,"href":"https:\/\/ibero4jobs.com\/es\/wp-json\/wp\/v2\/comments?post=8439"}],"wp:attachment":[{"href":"https:\/\/ibero4jobs.com\/es\/wp-json\/wp\/v2\/media?parent=8439"}],"wp:term":[{"taxonomy":"post_tag","embeddable":true,"href":"https:\/\/ibero4jobs.com\/es\/wp-json\/wp\/v2\/tags?post=8439"},{"taxonomy":"event_type","embeddable":true,"href":"https:\/\/ibero4jobs.com\/es\/wp-json\/wp\/v2\/event_type?post=8439"},{"taxonomy":"event_type_2","embeddable":true,"href":"https:\/\/ibero4jobs.com\/es\/wp-json\/wp\/v2\/event_type_2?post=8439"}],"curies":[{"name":"wp","href":"https:\/\/api.w.org\/{rel}","templated":true}]}}

Instituto Politécnico de Oporto

<p>El Instituto Politécnico de Oporto visita a la Universidad Autónoma de Nayarit y Universidad Tecnológica de Nayarit para el desarrollo del paquete de trabajo No. 2 </p>
